= w. Suppose 42*j + 272 = 59*j. What is the highest common divisor of w and j?
16
Let w(r) = 4*r**3 + 2*r**2 - 7*r + 3. Let p(c) = 3*c**2 - 6*c + 3. Let o be p(2). Let f be w(o). What is the greatest common divisor of 27 and f?
27
Suppose 55 - 5 = -5*x. Let z be (5/2)/((-5)/x). Let k be 2 + (-217)/(-28) - 2/(-8). Calculate the highest common factor of k and z.
5
Let f = -233 + 243. Calculate the highest common divisor of 55 and f.
5
Let y = 2 - -1. Suppose 4 - 19 = -y*x. Suppose -6*o + 5*o + x = 0. Calculate the greatest common factor of 45 and o.
5
Let g(z) = -9*z - 17. Let j be 8 - (0 + 2 + 2). Suppose 16 = -5*c + 3*u, j*c + u + 32 = -3*u. Let l be g(c). Calculate the greatest common factor of l and 14.
14
Suppose 4*h - 6 = h. Let f(l) = -8*l + 1. Let m be f(h). Let x be (-3)/m + 714/30. What is the highest common divisor of 6 and x?
6
Let i be 37*1*(30/5 + 43). Let q be (-4)/(-18) + i/63. What is the greatest common divisor of q and 29?
29
Suppose x = 4*y + 8, -3*y - 6 = 5*x - 2*x. Let a be 117/(1 - (0 - x)). What is the greatest common divisor of a and 39?
39
Let h be 86880/204 + 1 + 45/(-51). Calculate the greatest common factor of 71 and h.
71
Suppose 5*k = 3*c - 7*c + 18, c - 8 = -3*k. Let u be k + -3 + 4 + 54 + -13. What is the highest common factor of u and 4?
4
Let z = 71 + -30. Let o = -69 + z. Let u = -19 - o. What is the greatest common factor of u and 36?
9
Let l(g) = -101*g + 33. Let d be l(-3). What is the highest common divisor of d and 48?
48
Let s be ((-117)/(-156))/((-1)/(-128)). Calculate the greatest common divisor of 2208 and s.
96
Let g be 4 + 0 - (-5 - 6). Suppose g = -3*r - 2*r. Let c be (-87)/(-3) + r + 4. Calculate the highest common divisor of c and 20.
10
Let l = -40 + 63. Let r = l - -1. Let n be (-4)/(-14) - (-4020)/42. Calculate the greatest common factor of n and r.
24
Suppose g = 3*d + 26, d = 6*d - 2*g + 42. Let a be ((-98)/35)/(1/d). Calculate the highest common factor of 7 and a.
7
Let f(a) = a**2 - a - 54. Let p be f(8). Calculate the highest common divisor of p and 34.
2
Suppose w - 201 + 36 = 0. Suppose -w = -4*f - 7*f. What is the greatest common factor of 15 and f?
15
Suppose 3*v + v - 151 = -3*i, 3*v + 5*i - 116 = 0. Calculate the greatest common factor of v and 333.
37
Suppose 0 = h - 3*j + 6*j - 41, -15 = -5*j. Suppose 2*c = -2*c + h. What is the greatest common factor of c and 2?
2
Let y = 102 - 63. Suppose -2*o + 46 = 4*g - 20, 4*o + y = g. Calculate the highest common divisor of g and 133.
19
Suppose -7*w + 14 + 77 = 0. Suppose 0 = -w*a + 91 - 13. Calculate the highest common factor of a and 30.
6
Suppose -497 = -21*d + 20*d. Calculate the highest common factor of 71 and d.
71
Let n(l) = l**2 + 3. Let k be n(-3). Suppose 4*z + 2 - 84 = 2*r, -65 = -5*z - 5*r. What is the highest common divisor of k and z?
6
Suppose 0 = -2*h + 24 - 2. Let k = -8 + h. Suppose 5*z - 110 = 4*r, -z - 4*r + 13 = -k*r. What is the highest common divisor of z and 45?
9
Suppose -15 = 5*l, -305*k = -307*k - 2*l + 974. What is the greatest common divisor of 10 and k?
10
Suppose -3*o = 4*q - 46, -7 = 2*o + 3*q - 39. What is the highest common divisor of 830 and o?
10
Suppose q = -4*q + 630. Let z be 6/14 + 814/77 - (-4 - -1). Calculate the highest common factor of z and q.
14
Suppose -3*w = -0*w - 150. Let k = w + -47. Calculate the greatest common factor of 27 and k.
3
Suppose 5 = -x, -3*x = -n - 6*x - 1. Let m = -11 + n. Let a be m/9*13*15. What is the highest common divisor of a and 13?
13
Suppose -17*h - 15972 + 39891 = 0. Calculate the highest common divisor of 21 and h.
21
Suppose 40 + 28 = 3*o + 5*h, -2*h + 8 = 0. What is the highest common factor of o and 1?
1
Let z = 28 + 90. Suppose -175 = 113*l - z*l. What is the highest common divisor of l and 21?
7
Let s(j) = -j**2 + j. Let i(m) = 3*m**2 + 5*m - 12. Let b(z) = -i(z) - 6*s(z). Let t be b(5). Calculate the highest common factor of t and 24.
8
Let n = 744 + -654. What is the highest common divisor of n and 720?
90
Let z(o) = o**3 - 5*o**2 - 16*o + 10. Let b be z(7). Let v(q) = q**2 + 3*q + 3. Let g be v(b). What is the greatest common divisor of g and 1?
1
Let y be (-2)/10 + (-3)/(-15) - -40. What is the greatest common factor of 10 and y?
10
Suppose 3*b = -2*b + 10. Suppose -b*o + 18 = -144. What is the highest common factor of o and 9?
9
Let a be 486 + (2*(-4)/4 - 3). What is the greatest common factor of 37 and a?
37
Let a be (-87)/4*(-40)/60*2. Calculate the greatest common factor of a and 435.
29
Let i = 105 - 82. Let w(d) = 5*d**3 + 3*d**2 - 2*d + 3. Let u be w(3). Let y = -21 + u. Calculate the highest common factor of i and y.
23
Suppose 6*u = -a + 237, -6*u + 2*u + 159 = a. Calculate the greatest common factor of 182 and u.
13
Let u = -6 + 8. Suppose 52*x = 166 + 198. Calculate the highest common divisor of u and x.
1
Let g(q) = -4*q**2 + 14*q - 24. Let z be g(9). Let i = z + 318. Calculate the highest common divisor of 8 and i.
8
Let b(r) = r**3 + 16*r**2 + 14*r - 12. Let v be b(-15). Let p be (-3 - 44/(-12)) + 34/v. What is the highest common factor of p and 4?
4
Let h be 15/21 - 4/(-14). Let j(p) = 39*p**3 + 2*p - 1. Let r be j(h). Let g = -2147 + 2155. What is the greatest common factor of g and r?
8
Let z be (326/(-14) + 1)/((-2)/14). Calculate the greatest common divisor of 832 and z.
52
Suppose p = 2*s + 2*p - 251, 0 = -4*s - p + 499. What is the highest common divisor of 31 and s?
31
Suppose 31*c + 273 = 33*c - 3*t, 4*t - 252 = -2*c. What is the highest common factor of c and 627?
33
Let i = -10 + 25. What is the greatest common divisor of 30 and i?
15
Let y be (-144)/(-2)*3/6. Suppose 3*w - y = -0. What is the highest common divisor of 30 and w?
6
Suppose s + 4*i - 47 = 0, -3*i = -2*s + i + 118. Calculate the highest common factor of 110 and s.
55
Suppose -10 = -2*y - 3*l + 8, -2*y = 2*l - 14. Suppose -65 + 107 = y*w. What is the greatest common divisor of 28 and w?
14
Suppose 2*f = 4*f. Suppose f = -3*l - l + 48. Calculate the greatest common factor of l and 108.
12
Let g be (-5)/1*(-19 + 18). Calculate the greatest common factor of g and 250.
5
Suppose -d - 494 = -5*f + 234, 0 = -2*d - 6. Calculate the greatest common factor of f and 58.
29
Suppose 0 = 11*f - 15*f + 12. Calculate the greatest common factor of f and 5.
1
Let a(l) = l**3 - 21*l**2 - 20*l - 19. Let t be a(22). Let r be -167*(-2)/4*2. Let w = 317 - r. What is the greatest common factor of t and w?
25
Let g = 106 - 57. Calculate the highest common divisor of 14 and g.
7
Suppose 2*a + 110 = 4*d, 0 = 9*a - 4*a - 5. Suppose 0*w - d = -2*w. What is the greatest common factor of w and 126?
14
Let t(c) be the second derivative of c**4/2 - 4*c**3/3 + 7*c**2/2 + 27*c. Let a be t(2). Calculate the greatest common factor of a and 255.
15
Suppose -3477 = -19*x - 3078. Suppose 0 = -6*s + 4*s + 5*u + 383, 3*u - 186 = -s. What is the greatest common divisor of s and x?
21
Let n(o) = 40*o**2 + 21*o + 45. Let f be n(-5). Calculate the greatest common factor of 20 and f.
20
Let t = 30 + -11. Suppose 0*s = s + 1, 4*k = 3*s + t. Suppose -j + 9 = k. Calculate the highest common factor of j and 35.
5
Suppose -13*r - 134 = -c - 12*r, -5*r - 404 = -3*c. Calculate the highest common divisor of c and 28.
7
Suppose 4*t - 143 = 25. Let r(c) = 5*c**2 - c - 114. Let v be r(5). What is the highest common divisor of t and v?
6
Let v be (-1)/((-5)/(-30)) - -39. What is the highest common divisor of 3 and v?
3
Let i be -1 - (-30 - 1/1). Let q be 64/2*i/8. Suppose -n - 6*a = -2*a - 28, -4*n = 4*a - 100. Calculate the greatest common divisor of n and q.
24
Let n = -135 + 145. What is the highest common divisor of 2 and n?
2
Suppose b + 34*b - 735 = 0. What is the highest common factor of b and 1029?
21
Let j(h) = h**3 + 3*h**2 - 2*h + 12. Let m be j(-4). Suppose -5*y + 120 = m*o, 21 + 3 = y - 2*o. What is the highest common factor of y and 60?
12
Let d = -3 - -18. Suppose 2*j - d = -13*j. Calculate the highest common divisor of j and 11.
1
Suppose r = -j - 5, -25 = 2*r + 5*j - 0*j. Suppose 5*u - 18 - 122 = r. Suppose 1230 - 3190 = -28*o. What is the highest common factor of o and u?
14
Let c(y) be the second derivative of 25*y**4/12 + y**2/2 + 3*y. Let d be c(1). Let i be -4*(-2)/(-4) + d. What is the greatest co